ose -o + 1 = 0, 7*m + 65 = 10*m + 2*o. Calculate the highest common divisor of 777 and m.
21
Suppose 425*h = 418*h + 280. What is the greatest common divisor of 55 and h?
5
Let g be 2/(-12) + 248/48. Suppose 2*h + g - 19 = 0. What is the highest common divisor of h and 21?
7
Suppose 0 = -g + 3*g. Let l(p) = 10 - p + g - 2. Let v be l(-6). Calculate the highest common divisor of 154 and v.
14
Suppose 0 = -4*w + 2*n + 958, -2*w - 2*n = 2*w - 962. What is the greatest common divisor of 20 and w?
20
Let h = -6 + 14. Let o be 2/h - (-302)/8. Calculate the highest common divisor of o and 19.
19
Let y(c) = 5*c - 5. Let p be y(4). Let u = p - 11. Let v be 520/u - 0 - -2. Calculate the greatest common divisor of 12 and v.
12
Let a = -2955 + 3049. Calculate the greatest common factor of a and 329.
47
Let i = -1240 + 1258. What is the highest common divisor of i and 2466?
18
Let i be (-1155)/(-22)*(-8)/3. Let b = -80 - i. What is the greatest common factor of b and 24?
12
Let c = -25 + 27. Let r be c*11 - (-7 + 5). Calculate the highest common divisor of 6 and r.
6
Let l(b) = -b + 26. Let i be l(20). Suppose 2*w = i*w - 40. What is the highest common divisor of w and 30?
10
Suppose 5 = z - 6. Let d = -122 + 198. Let x = -65 + d. Calculate the highest common divisor of z and x.
11
Suppose -4*w - 84 = 256. Let g = w + 169. Calculate the greatest common factor of g and 21.
21
Let b = -557 - -606. What is the greatest common divisor of 1225 and b?
49
Let v be 1/(-3) - (-7364)/42. What is the greatest common factor of v and 14?
7
Suppose 3*r = -2*r + d + 20, 4*r = -4*d + 40. Suppose 2*z - r*z + 30 = 2*c, 18 = c + 3*z. What is the highest common factor of c and 108?
12
Suppose m = 5*m - 20. Suppose -p = -m - 19. What is the highest common divisor of p and 216?
24
Suppose -2*l - h = -115, -2*l - 2*h = -4*l + 106. Let j = 332 + -325. Calculate the highest common divisor of l and j.
7
Let a be ((-28)/(-6))/(1/3). Suppose -k - 201 = -2*q + 4*k, q - k - 99 = 0. What is the greatest common factor of a and q?
14
Suppose -26*k + 247 = -25*k. Suppose k - 31 = 4*g. Calculate the highest common factor of 18 and g.
18
Let s(g) = -g**2 - 4*g - 1. Let v be s(-3). Let t(b) = 0 - 2 - 2*b + 5*b - v. Let n be t(3). Calculate the highest common factor of 55 and n.
5
Suppose -2*y = -16*y + 420. Calculate the highest common divisor of y and 10.
10
Let z = -148 + 164. What is the highest common divisor of z and 928?
16
Let p(s) = 6*s + 81. Let q be p(-12). Calculate the highest common divisor of q and 225.
9
Suppose 10*s + 107 = 13*s + x, 0 = -s + 2*x + 31. Calculate the highest common factor of s and 180.
5
Let q be 19/(18/(-12) + 2). Suppose -2*z - 2*z = -16. Suppose -57 = z*j - 7*j. Calculate the highest common divisor of q and j.
19
Let m = 33 + -22. Let d = -415 + 426. Calculate the greatest common divisor of m and d.
11
Suppose 12*f = 377 - 17. What is the highest common factor of 12 and f?
6
Suppose -4*o - o = -50. Let t(z) = -2*z**2 - 24*z - 15. Let p be t(-10). Calculate the greatest common factor of o and p.
5
Let a be -6*(2/3 + 275/6). Let o = -273 - a. Let b = -3 - -7. Calculate the greatest common factor of o and b.
2
Let g(y) = 33*y - 21. Let w be g(8). Let v = w + -162. What is the greatest common divisor of v and 9?
9
Suppose 2*m - 92 = -2*m. Suppose -10*g + 1730 - 7802 = -34*g. What is the highest common factor of m and g?
23
Let a(z) = -5*z - 5. Let j(l) = -l - 13. Let i be j(-9). Let n be a(i). Calculate the highest common divisor of n and 10.
5
Let x = 84 + -82. What is the greatest common divisor of x and 38?
2
Let g be (-11376)/(-162) - (0 - (-4)/18). Calculate the greatest common divisor of g and 322.
14
Let n(q) = q**2 - q - 1. Let k be n(-1). Suppose 8*v = 11*v - 39. Let h be -2 + v + (-4)/k. What is the greatest common factor of 7 and h?
7
Let w(r) = -r**3 - r**2 + 14*r + 8. Let z be w(-6). What is the greatest common divisor of z and 8?
8
Let k be (3 + -19)*22/(-4). Suppose -19*c + k = -17*c. Calculate the highest common factor of c and 33.
11
Let s be ((72/(-20))/2)/(9/(-90)). What is the highest common divisor of s and 666?
18
Let v = 30 + 6. Let d = 7 - 3. Suppose 98 = k + 2*t, -k - 286 = -4*k - d*t. What is the greatest common divisor of k and v?
18
Let p(o) = o**3 - 65*o**2 + o - 54. Let g be p(65). What is the highest common divisor of 23 and g?
1
Suppose 35 = 199*x - 194*x. Let u be 7/(-1 - -2 - 0). What is the greatest common divisor of u and x?
7
Let i be (-6)/9*3 - 535/(-5). What is the highest common divisor of i and 140?
35
Let a be 1*-1*236/4. Let w = 92 + a. Calculate the greatest common divisor of 55 and w.
11
Suppose -f + 89 = 9. Calculate the highest common divisor of f and 16.
16
Suppose 0 = v - 6*v + 40. Let o be 2*2/v*36. Suppose -92*r + 18 = -91*r. Calculate the highest common factor of o and r.
18
Suppose -5*a = -a - 372. Suppose 4*p = -0*v + v - 41, -3*v - 3*p = -a. Calculate the greatest common divisor of v and 6.
3
Let j(a) = 2*a**2 - 11*a - 252. Let u be j(-12). Calculate the highest common divisor of 294 and u.
42
Let u = -37 + 40. Let m be 18 - (u + (2 - 3)). What is the highest common divisor of 128 and m?
16
Let y(g) = -g + 8. Let o be y(2). Suppose 0 = 2*j - o - 36. What is the greatest common divisor of j and 231?
21
Suppose 4*j - 3 = 3*j. Suppose 27*n + 21 = 30*n. Suppose n*v = -3*v + 30. What is the highest common factor of v and j?
3
Let c(u) = -8*u + 1. Let n be c(6). Let f = n - -99. Let q(v) = -22*v - 141. Let w be q(-7). What is the greatest common factor of f and w?
13
Suppose 5*l = 9*l. Suppose l = -5*s - 0*s + 90. Let c be 0 - ((-16)/4 - s). What is the greatest common divisor of 22 and c?
22
Let v(r) = -7*r - 2. Suppose -p = -3*x - 3, 3*p + 7 = -3*x - 20. Let q be v(p). Calculate the highest common divisor of q and 5.
5
Let d be (0 + -1)*(-18 + 6). Let x = 13 - d. Calculate the highest common factor of 9 and x.
1
Let t(s) = s**2 - 3*s - 1. Suppose 0 = 2*w - z, 0 = -3*w - z - 4 - 6. Let g be t(w). Calculate the greatest common divisor of 3 and g.
3
Suppose 0 = 4*p - 20*p + 512. Calculate the highest common factor of 296 and p.
8
Suppose -33*j + 34104 = 9*j. Calculate the highest common divisor of 28 and j.
28
Let t(a) = -a**2 + 14*a + 23. Let q be t(16). Let m be q/2*120/(-9). What is the highest common divisor of m and 15?
15
Let b be ((-3)/2)/(8/(-240)). Let j = -25 + b. Calculate the greatest common factor of j and 60.
20
Suppose -7*g + 4*g = -24. Let p be (g/(-6))/(8/(-60)). Calculate the greatest common factor of p and 80.
10
Let n(m) = -m + 8. Let a be n(0). Let h(w) = 6*w**2 - 5*w + 6. Let d be h(a). Suppose 4*l + l - d = 0. What is the highest common divisor of 10 and l?
10
Suppose 1175 = 2*k + 5*h, -h + 513 = 2*k - 642. Calculate the highest common factor of 100 and k.
25
Let q = 87 + -51. Let j(x) = x**2 + 8. Let f be j(8). Suppose t = -2*t + f. What is the highest common factor of t and q?
12
Suppose -59*r = -16*r - 18920. Calculate the greatest common divisor of 55 and r.
55
Let z = -69 - -771. What is the highest common factor of 54 and z?
54
Suppose 19 = 2*f - 221. What is the highest common divisor of f and 40?
40
Let l be -4 - (-1)/((-4)/64). Let y be (-3 + 1)/(1/l). What is the highest common factor of 120 and y?
40
Let f(z) be the second derivative of z**4/12 + 7*z**3/6 + 5*z**2 + 12*z. Let i be f(-9). Let t = -4 - -8. What is the highest common divisor of i and t?
4
Suppose 0 = -3*v - 9 + 6. Let h = v + 13. Let c(r) = 2*r**2 - 3*r - 2. Let i be c(4). What is the highest common factor of i and h?
6
Let u be 30/(-20)*-4*(-88)/(-6). Calculate the greatest common divisor of 66 and u.
22
Let z(s) = -s**2 - 6*s - 4. Let f be z(-5). Let l = -5923 + 5925. What is the highest common divisor of f and l?
1
Suppose -4*q = -20, 7*q + 660 = 5*b + 4*q. What is the highest common divisor of b and 90?
45
Suppose -22*p = -761 - 867. What is the highest common divisor of 481 and p?
37
Let f(b) = 0*b - 4*b + 6*b - 3 + b**2. Let h be f(-7). Let c be ((-6)/4)/((-33)/(-44))*-2. Calculate the highest common factor of h and c.
4
Suppose -j - 2*j - 226 = -4*q, -170 = -3*q + 2*j. What is the greatest common factor of q and 986?
58
Suppose -4*h + k = -0*k - 5581, -h - 2*k = -1393. What is the highest common divisor of